5*n = 29, 0*c - n + 22 = -2*c. List the prime factors of (-317)/c + (-16)/72.
5, 7
Suppose -i - 60307 = -14*i. List the prime factors of i.
4639
Suppose 3*r - 14 = -2. Let z be (-18)/r*(-240)/72. What are the prime factors of 4 + -7 + z*2?
3
Let c be (3 + -1)*33/6. Suppose 7*o - 100 = c*o. What are the prime factors of (-2 - o)/((-5)/(-10))?
2, 23
Let l(a) = -a**3 + 20*a**2 + 5*a - 14. Suppose -4*q - 42 + 118 = 3*m, -4*m - 5*q + 100 = 0. What are the prime factors of l(m)?
2, 43
Let p be ((-4777)/34)/(-1*(-1)/(-2)). Let u = p + -173. List the prime factors of u.
2, 3
Let l = -28 - 2. Let c be 16/3*l/(-20). Suppose -6*v - 118 = -c*v. List the prime factors of v.
59
Suppose 5*y + 5*a - 26032 - 14283 = 0, 0 = 4*a + 8. List the prime factors of y/30 + 4/24.
269
Let b = -954 - -1321. What are the prime factors of b?
367
Let v(d) = d**3 - 26*d**2 - 50*d - 36. List the prime factors of v(29).
17, 61
Let v(q) = -772*q**3 - q**2. List the prime factors of v(-1).
3, 257
Let h(u) be the second derivative of 13*u**5/10 + u**4/12 + 17*u. Let v(w) = w + 4. Let f be v(-3). What are the prime factors of h(f)?
3
Let u = -72 + -20. Let x = u + 130. List the prime factors of x - (2 + (2 - 6)).
2, 5
Let t = 232 + -192. What are the prime factors of t?
2, 5
Let q(a) = 2*a + 12. Let s be q(-4). Suppose s*v - 15*v = -1265. What are the prime factors of v?
5, 23
Let y(g) = -g**2 - 8*g - 8. Let s be y(7). Let q = 172 + s. What are the prime factors of q?
59
Suppose 4*z - 5*s + 2*s = 14, z + 6 = -4*s. Let k(l) = 3*l**3 - l**2 - 3*l + 4. What are the prime factors of k(z)?
2, 3
What are the prime factors of (-90)/4*11*(-8)/5?
2, 3, 11
Suppose 4*r = -2*j - 0*j + 164, 0 = -2*j + 3*r + 150. Suppose 5*l - 4*n = -2*n + j, 0 = 3*n + 12. List the prime factors of l.
2, 7
Let t = 11 - 9. Suppose -2*u = t*o - 78, -4*o - o = 2*u - 63. Let x = -17 + u. What are the prime factors of x?
3
Let t be (-4)/(-10)*55/(-22). Let g(h) = -79*h**3 + 1. List the prime factors of g(t).
2, 5
List the prime factors of (6750/(-12))/(1/(-2)).
3, 5
Let h(k) = -7*k - 5. Let y be h(-4). Let f be -10 - (-154)/(-21) - 3/(-9). Let p = y + f. What are the prime factors of p?
2, 3
Suppose 0 = 2*b - 5*z - 19, 4*z = -5*b + 2*z + 33. Suppose b*f + 231 = 14*f. What are the prime factors of f?
3, 11
Suppose -125*d - 20 = -120*d. Let u(a) = -38*a - 9. List the prime factors of u(d).
11, 13
Suppose -12*z + 14*z = 0. Let f = z + -7. Let n = -2 - f. List the prime factors of n.
5
Let p(s) = -516*s - 16. List the prime factors of p(-5).
2, 641
Let o(t) be the first derivative of -t**4/4 + 19*t**3/3 + 12*t**2 - 30*t - 17. List the prime factors of o(20).
2, 5
Let q = 95 + -135. Let n = 61 + q. List the prime factors of n.
3, 7
Suppose -5*q = 5*i - 85, -i - 4*i + 79 = 2*q. Suppose 0 = -3*p + 8*p - i. What are the prime factors of ((-158)/6)/(p/(-9))?
79
Let k be ((-15)/(-5) - 1)/(-1). What are the prime factors of ((-204)/20)/(k/10)?
3, 17
Let s(i) = -4*i - 4. Let o(a) = a. Let w(b) = 3*o(b) + s(b). Let n be w(-6). Suppose z = -4*p - 11, -n*p = -4*z + 15 + 13. List the prime factors of z.
5
What are the prime factors of 1162 + (36/(-1))/(-9)?
2, 11, 53
Let k = -24 + 23. Let m be k/(-1) - (-220 + -4). Suppose z + m = 6*z - 5*q, 2*z - 89 = q. What are the prime factors of z?
2, 11
Suppose -4 = -31*p + 29*p. What are the prime factors of p?
2
Let b(g) = -174*g + 87. What are the prime factors of b(-2)?
3, 5, 29
Let o = 3003 - 2422. List the prime factors of o.
7, 83
Let h be (-4)/(-3)*(-3 + 57). Suppose 2*m - h - 44 = 0. List the prime factors of m.
2, 29
Suppose -5*a - 5*o = -65, -2*o + 15 = a + 6. Suppose 4*m - a = 3. Suppose -m*l = -75 - 35. List the prime factors of l.
2, 11
Suppose -14*w - 11*w + 53075 = 0. What are the prime factors of w?
11, 193
Suppose 5*r = 3*c - 2342, 8*r - 7*r = -3*c + 2354. What are the prime factors of c?
2, 7
Suppose 8873 = 18*d + 3131. List the prime factors of d.
11, 29
List the prime factors of (11/6 + 39/(-26))*1032.
2, 43
Let i(n) = n**3 + 11*n**2 + 7*n + 14. Suppose 0*b + 2*b + x = -24, -b + 3*x + 2 = 0. List the prime factors of i(b).
2, 11
Suppose 2*w = -2*w. Let f = 5 - w. Suppose 4*p = f*p - 10. List the prime factors of p.
2, 5
Let t(g) = -g**2 - 5*g - 2. Suppose 3*b + 25 = -2*b. Let u be t(b). List the prime factors of 1/u - 247/(-26).
3
Let s = 75 + -31. Let j(l) = l**2 - 11*l - 12. Let n be j(9). Let v = s + n. List the prime factors of v.
2, 7
Let a = 53 + -36. Suppose 0 = n - a + 2. List the prime factors of n.
3, 5
Let w(s) = -s**3 + 4*s**2 + 2*s + 1. Let g be w(4). Let t = g - 9. Suppose t = -0*m - 3*m + 114. List the prime factors of m.
2, 19
Let k(p) = p**2 - 14*p - 560. What are the prime factors of k(50)?
2, 5, 31
Suppose -636*x - 7371 = -643*x. List the prime factors of x.
3, 13
Let v = -167 - -342. Suppose -9*z - v = -10*z. Let y = -116 + z. What are the prime factors of y?
59
Let w(x) = -51*x + 82. List the prime factors of w(-71).
7, 23
Let u = -211 - -525. List the prime factors of u.
2, 157
Suppose 3 = -4*h - 1. Suppose -16 = -4*x - 4*o + 8, -3*o + 6 = 0. Let d = x + h. What are the prime factors of d?
3
Suppose -5*v = -0*v - 10. Suppose 4*z - 9 = -5*w, -v*w - 2*z + 4 = -0*z. List the prime factors of -6 + 8 - (-5)/w.
7
Let d(b) = b**3 - b**2 - 8*b + 6. Let o be d(3). Suppose 3*r + 891 = -z + 5*z, 3*z - 5*r - 682 = o. What are the prime factors of z?
3, 73
Let p = 62 + -72. What are the prime factors of (-1)/(-1) + (-650)/p?
2, 3, 11
Let l = 39 + -62. Let z(f) = -f**3 - 2*f**2 - 6*f - 5. Let y be z(-4). Let a = l + y. What are the prime factors of a?
2, 7
Let k = -19 - -27. Let z be (k/6)/((-2)/(-3)). List the prime factors of 0 - (z + -3) - -28.
29
Suppose 0 = -24*s + 65 - 17. Let v be (-2)/((-4)/2) + 4. Suppose -v*w + 43 = 3*r - 70, -4*w = s*r - 78. What are the prime factors of r?
31
Let x = 407 + -329. Suppose 0*g - g + 15 = -4*l, 0 = 4*l + 4*g + 20. Let p = l + x. List the prime factors of p.
2, 37
Suppose -5 = 5*n, 0*n - 3*n = 2*d - 8795. List the prime factors of d.
53, 83
Suppose -3*n = -5*a - 494 + 3028, 0 = -a + n + 508. Let t = a + -236. What are the prime factors of t?
269
Let l = 7 - 3. Let a be (-266)/6 - l/(-12). Let i = 89 + a. What are the prime factors of i?
3, 5
Let f be (-4)/(-10) - 28/(-5). Let u(t) be the third derivative of t**6/120 - 7*t**5/60 + t**4/3 + t**3 + 2*t**2 - 566*t. List the prime factors of u(f).
2, 3
Let g(x) be the second derivative of 0 + 0*x**3 - 3/20*x**5 - 7*x - 1/2*x**2 - 1/12*x**4. What are the prime factors of g(-2)?
19
Suppose -38 = -s - 4*m, 3*m = -3*s - m + 130. Suppose 6*l - s = 4*l. List the prime factors of l.
23
Suppose -3*i = 4*w - 1485, -5*w + 1855 = -i + 6*i. List the prime factors of w.
2, 3, 31
Let x(w) = -191*w - 179. What are the prime factors of x(-12)?
2113
Let y be (6/(-15))/(6/20)*-3. Suppose g - y*i - 45 = i, -4*g + 5*i + 180 = 0. What are the prime factors of g?
3, 5
Let c(m) = m**2 + 9*m + 85. What are the prime factors of c(-12)?
11
Suppose 0 = -w + 4*n + 279, 329 + 264 = 2*w - n. What are the prime factors of w?
13, 23
Let u(r) = r**2 + r - 1. Let a(z) = -4*z**2 + 10*z - 11. Let n(m) = a(m) + 3*u(m). What are the prime factors of n(8)?
2, 13
Suppose y + s - 48 = 894, 4678 = 5*y - 3*s. What are the prime factors of y?
2, 7, 67
Let v = -10 + 15. Suppose 11 = 3*z - z - m, 0 = -v*m - 25. What are the prime factors of (36/(-20))/(z/(-10))?
2, 3
Let q(d) = -d**3 - 12*d**2 - 8*d - 15. Let w(t) = 3*t**3 + 25*t**2 + 16*t + 30. Let v(a) = 5*q(a) + 2*w(a). Let i = 24 - 13. List the prime factors of v(i).
2, 3
List the prime factors of 1349058/527 + (-2 - 108/(-51)).
2, 5
Let m = 11 + 21. Suppose -m*n + 29*n = -357. List the prime factors of n.
7, 17
Let c = 120 + 50. List the prime factors of c.
2, 5, 17
Let z(t) = t**3 - 12*t**2 + 20*t + 2. Let s be z(10). Suppose s*y - 461 = 69. What are the prime factors of y?
5, 53
Let n(r) = -7*r**3 + 14*r**2 + 6*r - 5. Let a(c) = 6*c**3 - 13*c**2 - 6*c + 6. Let u(i) = -6*a(i) - 5*n(i). What are the prime factors of u(8)?
37
Let p = 643 - 397. List the prime factors of p.
2, 3, 41
Let q = 6 - -18. Let r = q + 22. Suppose -29 = -5*p + r. What are the prime factors of p?
3, 5
Let y(m) = -m - 8. Let u be y(-5). Let o be ((-4)/(-6))/(1/u). Let x(f) = 4*f**2 + f + 2. L